the hundred millions digit of 1864082186?
8
What is the ten millions digit of 1807976823?
0
What is the thousands digit of 2255132432?
2
What is the tens digit of 1204928672?
7
What is the hundreds digit of 202952809?
8
What is the units digit of 52662899?
9
What is the tens digit of 2318970409?
0
What is the ten thousands digit of 19727376?
2
What is the hundreds digit of 69340654?
6
What is the tens digit of 8314064869?
6
What is the units digit of 55825406?
6
What is the hundred millions digit of 4714135603?
7
What is the hundred millions digit of 913052278?
9
What is the hundreds digit of 754826910?
9
What is the ten thousands digit of 282570394?
7
What is the units digit of 208365361?
1
What is the hundreds digit of 259076211?
2
What is the ten millions digit of 51572913?
5
What is the ten millions digit of 49206944?
4
What is the millions digit of 19404556?
9
What is the hundred thousands digit of 4351173873?
1
What is the ten thousands digit of 860444468?
4
What is the tens digit of 7285390?
9
What is the hundred thousands digit of 544821415?
8
What is the millions digit of 119289445?
9
What is the tens digit of 122692354?
5
What is the millions digit of 2284149251?
4
What is the millions digit of 3121606686?
1
What is the units digit of 17292154?
4
What is the thousands digit of 247084913?
4
What is the hundreds digit of 202002916?
9
What is the units digit of 70302731?
1
What is the hundred millions digit of 3522536337?
5
What is the thousands digit of 29200588?
0
What is the thousands digit of 5184071723?
1
What is the ten millions digit of 389774578?
8
What is the ten millions digit of 82771677?
8
What is the hundreds digit of 579776146?
1
What is the ten thousands digit of 578680655?
8
What is the hundreds digit of 246805237?
2
What is the ten thousands digit of 5545058289?
5
What is the units digit of 2396942172?
2
What is the ten thousands digit of 344486564?
8
What is the hundreds digit of 113963715?
7
What is the ten millions digit of 159527031?
5
What is the units digit of 16536877?
7
What is the ten millions digit of 67990943?
6
What is the hundred millions digit of 433721965?
4
What is the tens digit of 2394426507?
0
What is the ten millions digit of 708041339?
0
What is the thousands digit of 1649894567?
4
What is the ten thousands digit of 56574414?
7
What is the hundreds digit of 38004276?
2
What is the units digit of 16304417?
7
What is the millions digit of 3410042?
3
What is the millions digit of 315644907?
5
What is the ten millions digit of 31787899?
3
What is the hundred thousands digit of 439044253?
0
What is the millions digit of 209671915?
9
What is the millions digit of 52009166?
2
What is the units digit of 2278542152?
2
What is the tens digit of 186853028?
2
What is the millions digit of 148497222?
8
What is the ten millions digit of 1963275013?
6
What is the hundred thousands digit of 210987354?
9
What is the ten millions digit of 328468221?
2
What is the ten millions digit of 18726650?
1
What is the hundred millions digit of 314758333?
3
What is the tens digit of 3160588076?
7
What is the hundred thousands digit of 1007535889?
5
What is the hundreds digit of 258925986?
9
What is the ten millions digit of 756857261?
5
What is the thousands digit of 1018061066?
1
What is the tens digit of 2313314703?
0
What is the hundred millions digit of 421039030?
4
What is the ten thousands digit of 188942705?
4
What is the thousands digit of 269388091?
8
What is the tens digit of 611482676?
7
What is the ten thousands digit of 905702725?
0
What is the hundred thousands digit of 345218959?
2
What is the tens digit of 433514536?
3
What is the millions digit of 70431187?
0
What is the ten millions digit of 50060878?
5
What is the tens digit of 4449837928?
2
What is the hundred millions digit of 308348727?
3
What is the hundred millions digit of 161691644?
1
What is the hundreds digit of 34776619?
6
What is the tens digit of 286879736?
3
What is the thousands digit of 16825272?
5
What is the hundred thousands digit of 305958708?
9
What is the hundred millions digit of 417168973?
4
What is the units digit of 274258794?
4
What is the tens digit of 19146244?
4
What is the hundred thousands digit of 852071472?
0
What is the ten thousands digit of 44196307?
9
What is the ten millions digit of 6124669045?
2
What is the ten thousands digit of 1427569996?
6
What is the millions digit of 613497758?
3
What is the billions digit of 1940766122?
1
What is the hundred millions digit of 705385939?
7
What is the thousands digit of 1669645997?
5
What is the ten millions digit of 10850828?
1
What is the hundred thousands digit of 13213717?
2
What is the ten millions digit of 853714753?
5
What is the hundred millions digit of 118488389?
1
What is the units digit of 136050447?
7
What is the hundred thousands digit of 125046275?
0
What is the millions digit of 325100539?
5
What is the tens digit of 280668598?
9
What is the thousands digit of 1608881451?
1
What is the billions digit of 2282199402?
2
What is the ten millions digit of 2526849157?
2
What is the thousands digit of 263106901?
6
What is the thousands digit of 13351656?
1
What is the tens digit of 316459636?
3
What is the millions digit of 1825404625?
5
What is the millions digit of 788997135?
8
What is the units digit of 8907118?
8
What is the hundred millions digit of 617556160?
6
What is the ten thousands digit of 1138680343?
8
What is the hundreds digit of 151817355?
3
What is the tens digit of 1539731984?
8
What is the thousands digit of 321201975?
1
What is the hundreds digit of 5593648?
6
What is the ten millions digit of 258924843?
5
What is the hundred millions digit of 539976671?
5
What is the hundred thousands digit of 182756392?
7
What is the thousands digit of 48097017?
7
What is the units digit of 279774226?
6
What is the units digit of 6944374?
4
What is the millions digit of 40199890?
0
What is the millions digit of 2067581413?
7
What is the ten thousands digit of 5597557587?
5
What is the ten millions digit of 21716216?
2
What is the tens digit of 23659043?
4
What is the hundreds digit of 3197547911?
9
What is the hundreds digit of 4136496005?
0
What is the hundreds digit of 712248854?
8
What is the hundred millions digit of 919794589?
9
What is the ten thousands digit of 129647421?
4
What is the millions digit of 2605432300?
5
What is the billions digit of 4349495022?
4
What is the hundred thousands digit of 1937266464?
2
What is the tens digit of 12012891?
9
What is the tens digit of 105542331?
3
What is the hundreds digit of 23944532?
5
What is the tens digit of 16595898?
9
What is the ten millions digit of 146948688?
4
What is the hundred thousands digit of 104793285?
7
What is the hundred thousands digit of 284650776?
6
What is the millions digit of 655106632?
5
What is the units digit of 1104494694?
4
What is the units digit of 145457306?
6
What is the millions digit of 944885735?
4
What is the hundreds digit of 179933054?
0
What is the hundred thousands digit of 48922686?
9
What is the tens digit of 153336047?
4
What is the units digit of 7413393628?
8
What is the units digit of 11289076?
6
What is the millions digit of 1489254884?
9
What is the ten thousands digit of 866921919?
2
What is the hundred thousands digit of 398079781?
0
What is the hundred millions digit of 789274114?
7
What is the units digit of 256266107?
7
What is the millions digit of 611664977?
1
What is the ten millions digit of 2017992395?
1
What is the ten millions digit of 318686683?
1
What is the ten thousands digit of 455288606?
8
What is the ten millions digit of 147715810?
4
What is the thousands digit of 169595337?
5
What is the hundreds digit of 3092006547?
5
What is the units digit of 216667427?
7
What is the units digit of 1169103948?
8
What is the ten millions digit of 261984700?
6
What is the tens digit of 1473073532?
3
What is the hundred millions digit of 448922155?
4
What is the tens digit of 63879643?
4
What is the billions digit of 5136879599?
5
What is the hundred thousands digit of 564994458?
9
What is the hundred thousands digit of 3349245345?
2
What is the billions digit of 1680689230?
1
What is the tens digit of 40961104?
0
What is the millions digit of 5801612096?
1
W